{"id":271,"date":"2025-10-14T19:50:24","date_gmt":"2025-10-14T19:50:24","guid":{"rendered":"https:\/\/emprendimientosinnovadores.com\/weareelsalvador\/?page_id=271"},"modified":"2025-10-16T19:40:26","modified_gmt":"2025-10-16T19:40:26","slug":"sobre-nosotros","status":"publish","type":"page","link":"https:\/\/emprendimientosinnovadores.com\/weareelsalvador\/sobre-nosotros\/","title":{"rendered":"SOBRE NOSOTROS"},"content":{"rendered":"\t\t<div data-elementor-type=\"wp-page\" data-elementor-id=\"271\" class=\"elementor elementor-271\" data-elementor-post-type=\"page\">\n\t\t\t\t<div class=\"elementor-element elementor-element-1315ebf6 e-flex e-con-boxed e-con e-parent\" data-id=\"1315ebf6\" data-element_type=\"container\" data-settings=\"{&quot;background_background&quot;:&quot;classic&quot;}\">\n\t\t\t\t\t<div class=\"e-con-inner\">\n\t\t\t\t<div class=\"elementor-element elementor-element-8d81baa elementor-widget elementor-widget-heading\" data-id=\"8d81baa\" data-element_type=\"widget\" data-widget_type=\"heading.default\">\n\t\t\t\t\t<h2 class=\"elementor-heading-title elementor-size-default\">Sobre Nosotros<\/h2>\t\t\t\t<\/div>\n\t\t\t\t<div class=\"elementor-element elementor-element-29c5be1f elementor-widget__width-auto elementor-icon-list--layout-inline elementor-list-item-link-full_width elementor-widget elementor-widget-icon-list\" data-id=\"29c5be1f\" data-element_type=\"widget\" data-widget_type=\"icon-list.default\">\n\t\t\t\t\t\t\t<ul class=\"elementor-icon-list-items elementor-inline-items\">\n\t\t\t\t\t\t\t<li class=\"elementor-icon-list-item elementor-inline-item\">\n\t\t\t\t\t\t\t\t\t\t\t<a href=\"https:\/\/emprendimientosinnovadores.com\/weareelsalvador\/\">\n\n\t\t\t\t\t\t\t\t\t\t\t\t<span class=\"elementor-icon-list-icon\">\n\t\t\t\t\t\t\t<svg aria-hidden=\"true\" class=\"e-font-icon-svg e-fas-home\" viewBox=\"0 0 576 512\" xmlns=\"http:\/\/www.w3.org\/2000\/svg\"><path d=\"M280.37 148.26L96 300.11V464a16 16 0 0 0 16 16l112.06-.29a16 16 0 0 0 15.92-16V368a16 16 0 0 1 16-16h64a16 16 0 0 1 16 16v95.64a16 16 0 0 0 16 16.05L464 480a16 16 0 0 0 16-16V300L295.67 148.26a12.19 12.19 0 0 0-15.3 0zM571.6 251.47L488 182.56V44.05a12 12 0 0 0-12-12h-56a12 12 0 0 0-12 12v72.61L318.47 43a48 48 0 0 0-61 0L4.34 251.47a12 12 0 0 0-1.6 16.9l25.5 31A12 12 0 0 0 45.15 301l235.22-193.74a12.19 12.19 0 0 1 15.3 0L530.9 301a12 12 0 0 0 16.9-1.6l25.5-31a12 12 0 0 0-1.7-16.93z\"><\/path><\/svg>\t\t\t\t\t\t<\/span>\n\t\t\t\t\t\t\t\t\t\t<span class=\"elementor-icon-list-text\">Inicio<\/span>\n\t\t\t\t\t\t\t\t\t\t\t<\/a>\n\t\t\t\t\t\t\t\t\t<\/li>\n\t\t\t\t\t\t\t\t<li class=\"elementor-icon-list-item elementor-inline-item\">\n\t\t\t\t\t\t\t\t\t\t<span class=\"elementor-icon-list-text\">\/<\/span>\n\t\t\t\t\t\t\t\t\t<\/li>\n\t\t\t\t\t\t\t\t<li class=\"elementor-icon-list-item elementor-inline-item\">\n\t\t\t\t\t\t\t\t\t\t<span class=\"elementor-icon-list-text\">Sobre Nosotros<\/span>\n\t\t\t\t\t\t\t\t\t<\/li>\n\t\t\t\t\t\t<\/ul>\n\t\t\t\t\t\t<\/div>\n\t\t\t\t\t<\/div>\n\t\t\t\t<\/div>\n\t\t<div class=\"elementor-element elementor-element-53dd242a e-flex e-con-boxed e-con e-parent\" data-id=\"53dd242a\" data-element_type=\"container\">\n\t\t\t\t\t<div class=\"e-con-inner\">\n\t\t<div class=\"elementor-element elementor-element-6dbce3e0 e-con-full e-flex e-con e-child\" data-id=\"6dbce3e0\" data-element_type=\"container\">\n\t\t<div class=\"elementor-element elementor-element-34070164 e-con-full e-flex e-con e-child\" data-id=\"34070164\" data-element_type=\"container\" data-settings=\"{&quot;background_background&quot;:&quot;classic&quot;}\">\n\t\t\t\t<div class=\"elementor-element elementor-element-e9bf835 elementor-widget elementor-widget-image\" data-id=\"e9bf835\" data-element_type=\"widget\" data-widget_type=\"image.default\">\n\t\t\t\t\t\t\t\t\t\t\t\t\t\t\t<img fetchpriority=\"high\" decoding=\"async\" width=\"800\" height=\"800\" src=\"https:\/\/emprendimientosinnovadores.com\/weareelsalvador\/wp-content\/uploads\/2025\/10\/atencion-medica-a-pacientes-renales.webp\" class=\"attachment-large size-large wp-image-666\" alt=\"\" srcset=\"https:\/\/emprendimientosinnovadores.com\/weareelsalvador\/wp-content\/uploads\/2025\/10\/atencion-medica-a-pacientes-renales.webp 840w, https:\/\/emprendimientosinnovadores.com\/weareelsalvador\/wp-content\/uploads\/2025\/10\/atencion-medica-a-pacientes-renales-300x300.webp 300w, https:\/\/emprendimientosinnovadores.com\/weareelsalvador\/wp-content\/uploads\/2025\/10\/atencion-medica-a-pacientes-renales-150x150.webp 150w, https:\/\/emprendimientosinnovadores.com\/weareelsalvador\/wp-content\/uploads\/2025\/10\/atencion-medica-a-pacientes-renales-768x768.webp 768w\" sizes=\"(max-width: 800px) 100vw, 800px\" \/>\t\t\t\t\t\t\t\t\t\t\t\t\t\t\t<\/div>\n\t\t\t\t<\/div>\n\t\t<div class=\"elementor-element elementor-element-679370c8 e-con-full e-flex e-con e-child\" data-id=\"679370c8\" data-element_type=\"container\">\n\t\t\t\t<div class=\"elementor-element elementor-element-21c14cfe elementor-widget elementor-widget-heading\" data-id=\"21c14cfe\" data-element_type=\"widget\" data-widget_type=\"heading.default\">\n\t\t\t\t\t<h2 class=\"elementor-heading-title elementor-size-default\">Unidos por la vida y la salud renal en El Salvador\n<\/h2>\t\t\t\t<\/div>\n\t\t\t\t<div class=\"elementor-element elementor-element-34362d48 elementor-widget elementor-widget-text-editor\" data-id=\"34362d48\" data-element_type=\"widget\" data-widget_type=\"text-editor.default\">\n\t\t\t\t\t\t\t\t\t<p><span style=\"font-weight: 400;\">En <strong>We Are El Salvador<\/strong> creemos que cada vida tiene un valor incalculable. <\/span><\/p><p><span style=\"font-weight: 400;\">Nuestra labor naci\u00f3 del deseo de brindar esperanza y apoyo a los salvadore\u00f1os que enfrentan enfermedades renales, especialmente en comunidades de escasos recursos donde el acceso a atenci\u00f3n m\u00e9dica es limitado o inexistente.<\/span><span style=\"font-weight: 400;\"><br \/><\/span><span style=\"font-weight: 400;\"><br \/><\/span><span style=\"font-weight: 400;\">Desde nuestra fundaci\u00f3n, trabajamos con un compromiso firme: acercar tratamientos, educaci\u00f3n y acompa\u00f1amiento emocional a quienes m\u00e1s lo necesitan.<\/span><\/p>\t\t\t\t\t\t\t\t<\/div>\n\t\t\t\t<div class=\"elementor-element elementor-element-298b421d elementor-widget elementor-widget-heading\" data-id=\"298b421d\" data-element_type=\"widget\" data-widget_type=\"heading.default\">\n\t\t\t\t\t<h2 class=\"elementor-heading-title elementor-size-default\">C\u00f3mo apoyamos a las familias\n<\/h2>\t\t\t\t<\/div>\n\t\t\t\t<div class=\"elementor-element elementor-element-b586194 elementor-widget elementor-widget-text-editor\" data-id=\"b586194\" data-element_type=\"widget\" data-widget_type=\"text-editor.default\">\n\t\t\t\t\t\t\t\t\t<p>Buscamos mejorar la calidad de vida de cientos de familias que luchan d\u00eda a d\u00eda contra esta enfermedad a trav\u00e9s de programas:\u00a0<\/p>\t\t\t\t\t\t\t\t<\/div>\n\t\t<div class=\"elementor-element elementor-element-355e8522 e-con-full e-flex e-con e-child\" data-id=\"355e8522\" data-element_type=\"container\">\n\t\t\t\t<div class=\"elementor-element elementor-element-b59dc67 elementor-tablet-align-center elementor-icon-list--layout-traditional elementor-list-item-link-full_width elementor-widget elementor-widget-icon-list\" data-id=\"b59dc67\" data-element_type=\"widget\" data-widget_type=\"icon-list.default\">\n\t\t\t\t\t\t\t<ul class=\"elementor-icon-list-items\">\n\t\t\t\t\t\t\t<li class=\"elementor-icon-list-item\">\n\t\t\t\t\t\t\t\t\t\t\t<span class=\"elementor-icon-list-icon\">\n\t\t\t\t\t\t\t<i aria-hidden=\"true\" class=\" ti-arrow-top-right\"><\/i>\t\t\t\t\t\t<\/span>\n\t\t\t\t\t\t\t\t\t\t<span class=\"elementor-icon-list-text\">Ayuda M\u00e9dica<\/span>\n\t\t\t\t\t\t\t\t\t<\/li>\n\t\t\t\t\t\t\t\t<li class=\"elementor-icon-list-item\">\n\t\t\t\t\t\t\t\t\t\t\t<span class=\"elementor-icon-list-icon\">\n\t\t\t\t\t\t\t<i aria-hidden=\"true\" class=\" ti-arrow-top-right\"><\/i>\t\t\t\t\t\t<\/span>\n\t\t\t\t\t\t\t\t\t\t<span class=\"elementor-icon-list-text\">Asesoramiento Psicol\u00f3gico<\/span>\n\t\t\t\t\t\t\t\t\t<\/li>\n\t\t\t\t\t\t<\/ul>\n\t\t\t\t\t\t<\/div>\n\t\t\t\t<div class=\"elementor-element elementor-element-19cdafbe elementor-tablet-align-center elementor-icon-list--layout-traditional elementor-list-item-link-full_width elementor-widget elementor-widget-icon-list\" data-id=\"19cdafbe\" data-element_type=\"widget\" data-widget_type=\"icon-list.default\">\n\t\t\t\t\t\t\t<ul class=\"elementor-icon-list-items\">\n\t\t\t\t\t\t\t<li class=\"elementor-icon-list-item\">\n\t\t\t\t\t\t\t\t\t\t\t<span class=\"elementor-icon-list-icon\">\n\t\t\t\t\t\t\t<i aria-hidden=\"true\" class=\" ti-arrow-top-right\"><\/i>\t\t\t\t\t\t<\/span>\n\t\t\t\t\t\t\t\t\t\t<span class=\"elementor-icon-list-text\">Transporte Solidario <\/span>\n\t\t\t\t\t\t\t\t\t<\/li>\n\t\t\t\t\t\t\t\t<li class=\"elementor-icon-list-item\">\n\t\t\t\t\t\t\t\t\t\t\t<span class=\"elementor-icon-list-icon\">\n\t\t\t\t\t\t\t<i aria-hidden=\"true\" class=\" ti-arrow-top-right\"><\/i>\t\t\t\t\t\t<\/span>\n\t\t\t\t\t\t\t\t\t\t<span class=\"elementor-icon-list-text\">Jornadas de Prevenci\u00f3n<\/span>\n\t\t\t\t\t\t\t\t\t<\/li>\n\t\t\t\t\t\t<\/ul>\n\t\t\t\t\t\t<\/div>\n\t\t\t\t<\/div>\n\t\t\t\t<\/div>\n\t\t\t\t<\/div>\n\t\t<div class=\"elementor-element elementor-element-2d58607c e-con-full e-flex e-con e-child\" data-id=\"2d58607c\" data-element_type=\"container\">\n\t\t\t\t<div class=\"elementor-element elementor-element-6aa41926 elementor-widget elementor-widget-heading\" data-id=\"6aa41926\" data-element_type=\"widget\" data-widget_type=\"heading.default\">\n\t\t\t\t\t<h2 class=\"elementor-heading-title elementor-size-default\">Solidaridad en acci\u00f3n\n<\/h2>\t\t\t\t<\/div>\n\t\t\t\t<div class=\"elementor-element elementor-element-17bbdcee elementor-widget elementor-widget-text-editor\" data-id=\"17bbdcee\" data-element_type=\"widget\" data-widget_type=\"text-editor.default\">\n\t\t\t\t\t\t\t\t\t<p><span style=\"font-weight: 400;\">Impulsados por la solidaridad de salvadore\u00f1os dentro y fuera del pa\u00eds, <strong>We Are El Salvador<\/strong> transforma la compasi\u00f3n en acci\u00f3n. <\/span><\/p><p><span style=\"font-weight: 400;\">Cada donaci\u00f3n, alianza y gesto de apoyo se convierte en una oportunidad para llevar salud, consuelo y esperanza a quienes m\u00e1s lo necesitan.<\/span><\/p>\t\t\t\t\t\t\t\t<\/div>\n\t\t\t\t<\/div>\n\t\t\t\t\t<\/div>\n\t\t\t\t<\/div>\n\t\t<div class=\"elementor-element elementor-element-1b45b587 e-con-full e-flex e-con e-parent\" data-id=\"1b45b587\" data-element_type=\"container\" data-settings=\"{&quot;background_background&quot;:&quot;classic&quot;}\">\n\t\t\t\t<div class=\"elementor-element elementor-element-daaa476 elementor-widget elementor-widget-rkit-running_text\" data-id=\"daaa476\" data-element_type=\"widget\" data-widget_type=\"rkit-running_text.default\">\n\t\t\t\t<div class=\"elementor-widget-container\">\n\t\t\t\t\t\r\n        <div class=\"rkit-text-marquee\">\r\n            <div class=\"rkit-marquee-container\">\r\n                <div class=\"rkit-marquee-content pause-hover\">\r\n                                            <div class=\"rkit-marquee-item elementor-repeater-item-49c6f15\">\r\n                            <h3 class=\"rkit-marquee-item-content\">\r\n\r\n                                \r\n                                                                    <div style=\"width: 0px; height:0px;\"> <\/div>\r\n                                \r\n\r\n                                <div class=\"rkit-running-text__text\">\r\n                                    Asesoramiento                                <\/div>\r\n\r\n                                <\/dh3>\r\n                        <\/div>\r\n                                            <div class=\"rkit-marquee-item elementor-repeater-item-6b2474f\">\r\n                            <h3 class=\"rkit-marquee-item-content\">\r\n\r\n                                \r\n                                                                    <div style=\"width: 0px; height:0px;\"> <\/div>\r\n                                \r\n\r\n                                <div class=\"rkit-running-text__text\">\r\n                                    Psicosocial                                <\/div>\r\n\r\n                                <\/dh3>\r\n                        <\/div>\r\n                                            <div class=\"rkit-marquee-item elementor-repeater-item-1ef9fa0\">\r\n                            <h3 class=\"rkit-marquee-item-content\">\r\n\r\n                                \r\n                                                                    <div style=\"width: 0px; height:0px;\"> <\/div>\r\n                                \r\n\r\n                                <div class=\"rkit-running-text__text\">\r\n                                    Tratamientos                                 <\/div>\r\n\r\n                                <\/dh3>\r\n                        <\/div>\r\n                                            <div class=\"rkit-marquee-item elementor-repeater-item-6545e04\">\r\n                            <h3 class=\"rkit-marquee-item-content\">\r\n\r\n                                \r\n                                                                    <div style=\"width: 0px; height:0px;\"> <\/div>\r\n                                \r\n\r\n                                <div class=\"rkit-running-text__text\">\r\n                                    M\u00e9dicos                                <\/div>\r\n\r\n                                <\/dh3>\r\n                        <\/div>\r\n                                            <div class=\"rkit-marquee-item elementor-repeater-item-96fa194\">\r\n                            <h3 class=\"rkit-marquee-item-content\">\r\n\r\n                                \r\n                                                                    <div style=\"width: 0px; height:0px;\"> <\/div>\r\n                                \r\n\r\n                                <div class=\"rkit-running-text__text\">\r\n                                    Educaci\u00f3n                                 <\/div>\r\n\r\n                                <\/dh3>\r\n                        <\/div>\r\n                                            <div class=\"rkit-marquee-item elementor-repeater-item-eeb893c\">\r\n                            <h3 class=\"rkit-marquee-item-content\">\r\n\r\n                                \r\n                                                                    <div style=\"width: 0px; height:0px;\"> <\/div>\r\n                                \r\n\r\n                                <div class=\"rkit-running-text__text\">\r\n                                    Prevenci\u00f3n                                <\/div>\r\n\r\n                                <\/dh3>\r\n                        <\/div>\r\n                                            <div class=\"rkit-marquee-item elementor-repeater-item-7e2faf9\">\r\n                            <h3 class=\"rkit-marquee-item-content\">\r\n\r\n                                \r\n                                                                    <div style=\"width: 0px; height:0px;\"> <\/div>\r\n                                \r\n\r\n                                <div class=\"rkit-running-text__text\">\r\n                                    Transporte                                <\/div>\r\n\r\n                                <\/dh3>\r\n                        <\/div>\r\n                                            <div class=\"rkit-marquee-item elementor-repeater-item-3f6d3f6\">\r\n                            <h3 class=\"rkit-marquee-item-content\">\r\n\r\n                                \r\n                                                                    <div style=\"width: 0px; height:0px;\"> <\/div>\r\n                                \r\n\r\n                                <div class=\"rkit-running-text__text\">\r\n                                    Log\u00edstica                                <\/div>\r\n\r\n                                <\/dh3>\r\n                        <\/div>\r\n                                            <div class=\"rkit-marquee-item elementor-repeater-item-d37e7f6\">\r\n                            <h3 class=\"rkit-marquee-item-content\">\r\n\r\n                                \r\n                                                                    <div style=\"width: 0px; height:0px;\"> <\/div>\r\n                                \r\n\r\n                                <div class=\"rkit-running-text__text\">\r\n                                    Campa\u00f1as                                 <\/div>\r\n\r\n                                <\/dh3>\r\n                        <\/div>\r\n                                            <div class=\"rkit-marquee-item elementor-repeater-item-4a846a9\">\r\n                            <h3 class=\"rkit-marquee-item-content\">\r\n\r\n                                \r\n                                                                    <div style=\"width: 0px; height:0px;\"> <\/div>\r\n                                \r\n\r\n                                <div class=\"rkit-running-text__text\">\r\n                                    Colaboraci\u00f3n                                <\/div>\r\n\r\n                                <\/dh3>\r\n                        <\/div>\r\n                                    <\/div>\r\n            <\/div>\r\n        <\/div>\r\n\t\t\t\t<\/div>\n\t\t\t\t<\/div>\n\t\t\t\t<\/div>\n\t\t<div class=\"elementor-element elementor-element-4c8b0a3 e-flex e-con-boxed e-con e-parent\" data-id=\"4c8b0a3\" data-element_type=\"container\" data-settings=\"{&quot;background_background&quot;:&quot;classic&quot;}\">\n\t\t\t\t\t<div class=\"e-con-inner\">\n\t\t<div class=\"elementor-element elementor-element-d53bf7d e-con-full e-flex e-con e-child\" data-id=\"d53bf7d\" data-element_type=\"container\">\n\t\t<div class=\"elementor-element elementor-element-680797e e-con-full e-flex e-con e-child\" data-id=\"680797e\" data-element_type=\"container\" data-settings=\"{&quot;background_background&quot;:&quot;classic&quot;}\">\n\t\t\t\t<div class=\"elementor-element elementor-element-e9c948a elementor-widget elementor-widget-image\" data-id=\"e9c948a\" data-element_type=\"widget\" data-widget_type=\"image.default\">\n\t\t\t\t\t\t\t\t\t\t\t\t\t\t\t<img decoding=\"async\" width=\"630\" height=\"945\" src=\"https:\/\/emprendimientosinnovadores.com\/weareelsalvador\/wp-content\/uploads\/2025\/10\/NUESTRA_FUNDADORA_630x945.jpeg\" class=\"attachment-large size-large wp-image-434\" alt=\"\" srcset=\"https:\/\/emprendimientosinnovadores.com\/weareelsalvador\/wp-content\/uploads\/2025\/10\/NUESTRA_FUNDADORA_630x945.jpeg 630w, https:\/\/emprendimientosinnovadores.com\/weareelsalvador\/wp-content\/uploads\/2025\/10\/NUESTRA_FUNDADORA_630x945-200x300.jpeg 200w\" sizes=\"(max-width: 630px) 100vw, 630px\" \/>\t\t\t\t\t\t\t\t\t\t\t\t\t\t\t<\/div>\n\t\t\t\t<\/div>\n\t\t<div class=\"elementor-element elementor-element-489b439 e-con-full e-flex e-con e-child\" data-id=\"489b439\" data-element_type=\"container\">\n\t\t\t\t<div class=\"elementor-element elementor-element-5853b9f elementor-widget__width-auto elementor-icon-list--layout-traditional elementor-list-item-link-full_width elementor-widget elementor-widget-icon-list\" data-id=\"5853b9f\" data-element_type=\"widget\" data-widget_type=\"icon-list.default\">\n\t\t\t\t\t\t\t<ul class=\"elementor-icon-list-items\">\n\t\t\t\t\t\t\t<li class=\"elementor-icon-list-item\">\n\t\t\t\t\t\t\t\t\t\t\t<span class=\"elementor-icon-list-icon\">\n\t\t\t\t\t\t\t<svg aria-hidden=\"true\" class=\"e-font-icon-svg e-fas-donate\" viewBox=\"0 0 512 512\" xmlns=\"http:\/\/www.w3.org\/2000\/svg\"><path d=\"M256 416c114.9 0 208-93.1 208-208S370.9 0 256 0 48 93.1 48 208s93.1 208 208 208zM233.8 97.4V80.6c0-9.2 7.4-16.6 16.6-16.6h11.1c9.2 0 16.6 7.4 16.6 16.6v17c15.5.8 30.5 6.1 43 15.4 5.6 4.1 6.2 12.3 1.2 17.1L306 145.6c-3.8 3.7-9.5 3.8-14 1-5.4-3.4-11.4-5.1-17.8-5.1h-38.9c-9 0-16.3 8.2-16.3 18.3 0 8.2 5 15.5 12.1 17.6l62.3 18.7c25.7 7.7 43.7 32.4 43.7 60.1 0 34-26.4 61.5-59.1 62.4v16.8c0 9.2-7.4 16.6-16.6 16.6h-11.1c-9.2 0-16.6-7.4-16.6-16.6v-17c-15.5-.8-30.5-6.1-43-15.4-5.6-4.1-6.2-12.3-1.2-17.1l16.3-15.5c3.8-3.7 9.5-3.8 14-1 5.4 3.4 11.4 5.1 17.8 5.1h38.9c9 0 16.3-8.2 16.3-18.3 0-8.2-5-15.5-12.1-17.6l-62.3-18.7c-25.7-7.7-43.7-32.4-43.7-60.1.1-34 26.4-61.5 59.1-62.4zM480 352h-32.5c-19.6 26-44.6 47.7-73 64h63.8c5.3 0 9.6 3.6 9.6 8v16c0 4.4-4.3 8-9.6 8H73.6c-5.3 0-9.6-3.6-9.6-8v-16c0-4.4 4.3-8 9.6-8h63.8c-28.4-16.3-53.3-38-73-64H32c-17.7 0-32 14.3-32 32v96c0 17.7 14.3 32 32 32h448c17.7 0 32-14.3 32-32v-96c0-17.7-14.3-32-32-32z\"><\/path><\/svg>\t\t\t\t\t\t<\/span>\n\t\t\t\t\t\t\t\t\t\t<span class=\"elementor-icon-list-text\">NUESTRA FUNDADORA<\/span>\n\t\t\t\t\t\t\t\t\t<\/li>\n\t\t\t\t\t\t<\/ul>\n\t\t\t\t\t\t<\/div>\n\t\t\t\t<div class=\"elementor-element elementor-element-e594ffe elementor-widget elementor-widget-heading\" data-id=\"e594ffe\" data-element_type=\"widget\" data-widget_type=\"heading.default\">\n\t\t\t\t\t<h2 class=\"elementor-heading-title elementor-size-default\">Una vida dedicada a servir con amor y prop\u00f3sito.<\/h2>\t\t\t\t<\/div>\n\t\t\t\t<div class=\"elementor-element elementor-element-8693bc4 elementor-widget elementor-widget-heading\" data-id=\"8693bc4\" data-element_type=\"widget\" data-widget_type=\"heading.default\">\n\t\t\t\t\t<h2 class=\"elementor-heading-title elementor-size-default\">Biograf\u00eda\n<\/h2>\t\t\t\t<\/div>\n\t\t\t\t<div class=\"elementor-element elementor-element-ca334d8 elementor-widget-mobile__width-inherit elementor-widget elementor-widget-text-editor\" data-id=\"ca334d8\" data-element_type=\"widget\" data-widget_type=\"text-editor.default\">\n\t\t\t\t\t\t\t\t\t<p><strong>Hilcia Damaris Bonilla<\/strong> <strong>V\u00e1squez<\/strong> naci\u00f3 en Moraz\u00e1n, El Salvador, y desde muy joven ha sido ejemplo de esfuerzo, empat\u00eda y determinaci\u00f3n.<\/p><p>Tras emigrar a Estados Unidos en 1989, construy\u00f3 una vida marcada por el trabajo, el emprendimiento y el compromiso con su comunidad.<\/p><p>Su trayectoria la llev\u00f3 de las aulas de Ciencias de la Computaci\u00f3n a la creaci\u00f3n de un exitoso restaurante salvadore\u00f1o en Texas, donde comparti\u00f3 con orgullo las ra\u00edces y sabores de su tierra.<\/p>\t\t\t\t\t\t\t\t<\/div>\n\t\t\t\t<div class=\"elementor-element elementor-element-7d83f86 elementor-widget elementor-widget-heading\" data-id=\"7d83f86\" data-element_type=\"widget\" data-widget_type=\"heading.default\">\n\t\t\t\t\t<h2 class=\"elementor-heading-title elementor-size-default\">We Are El Salvador<\/h2>\t\t\t\t<\/div>\n\t\t\t\t<div class=\"elementor-element elementor-element-3e4c771 elementor-widget elementor-widget-text-editor\" data-id=\"3e4c771\" data-element_type=\"widget\" data-widget_type=\"text-editor.default\">\n\t\t\t\t\t\t\t\t\t<p>En 2024, impulsada por su deseo de retribuir, fund\u00f3 <strong>We Are El Salvador<\/strong>, una organizaci\u00f3n sin fines de lucro dedicada a brindar atenci\u00f3n m\u00e9dica y esperanza a pacientes renales en comunidades vulnerables.<\/p><p><strong>Hilcia Bonilla<\/strong> es hoy un s\u00edmbolo de entrega y solidaridad, inspirando a otros a transformar la compasi\u00f3n en acci\u00f3n.<\/p>\t\t\t\t\t\t\t\t<\/div>\n\t\t\t\t<\/div>\n\t\t\t\t<\/div>\n\t\t\t\t\t<\/div>\n\t\t\t\t<\/div>\n\t\t\t\t<\/div>\n\t\t","protected":false},"excerpt":{"rendered":"<p>Sobre Nosotros Inicio \/ Sobre Nosotros Unidos por la vida y la salud renal en El Salvador En We Are El Salvador creemos que cada vida tiene un valor incalculable. Nuestra labor naci\u00f3 del deseo de brindar esperanza y apoyo a los salvadore\u00f1os que enfrentan enfermedades renales, especialmente en comunidades de escasos recursos donde el [&hellip;]<\/p>\n","protected":false},"author":1,"featured_media":0,"parent":0,"menu_order":0,"comment_status":"closed","ping_status":"closed","template":"elementor_header_footer","meta":{"give_campaign_id":0,"footnotes":""},"class_list":["post-271","page","type-page","status-publish","hentry"],"campaignId":"","_hostinger_reach_plugin_has_subscription_block":false,"_hostinger_reach_plugin_is_elementor":false,"_links":{"self":[{"href":"https:\/\/emprendimientosinnovadores.com\/weareelsalvador\/wp-json\/wp\/v2\/pages\/271","targetHints":{"allow":["GET"]}}],"collection":[{"href":"https:\/\/emprendimientosinnovadores.com\/weareelsalvador\/wp-json\/wp\/v2\/pages"}],"about":[{"href":"https:\/\/emprendimientosinnovadores.com\/weareelsalvador\/wp-json\/wp\/v2\/types\/page"}],"author":[{"embeddable":true,"href":"https:\/\/emprendimientosinnovadores.com\/weareelsalvador\/wp-json\/wp\/v2\/users\/1"}],"replies":[{"embeddable":true,"href":"https:\/\/emprendimientosinnovadores.com\/weareelsalvador\/wp-json\/wp\/v2\/comments?post=271"}],"version-history":[{"count":37,"href":"https:\/\/emprendimientosinnovadores.com\/weareelsalvador\/wp-json\/wp\/v2\/pages\/271\/revisions"}],"predecessor-version":[{"id":684,"href":"https:\/\/emprendimientosinnovadores.com\/weareelsalvador\/wp-json\/wp\/v2\/pages\/271\/revisions\/684"}],"wp:attachment":[{"href":"https:\/\/emprendimientosinnovadores.com\/weareelsalvador\/wp-json\/wp\/v2\/media?parent=271"}],"curies":[{"name":"wp","href":"https:\/\/api.w.org\/{rel}","templated":true}]}}